
In base 8, what is 11 + -2034514?
-2034503
In base 4, what is 221003131122 - -3?
221003131131
In base 6, what is -143 + -4203000?
-4203143
In base 4, what is 121011223 - 33331?
120311232
In base 7, what is -52504422 - -25?
-52504364
In base 14, what is 2c0 + 6062?
6342
In base 5, what is 232413220 - 10?
232413210
In base 13, what is -4 - -392a71c?
392a718
In base 4, what is 100103113 + 1230310?
102000023
In base 16, what is 45 + -1126b?
-11226
In base 4, what is -13023201 + 113312?
-12303223
In base 14, what is -2222b + -c3?
-22310
In base 6, what is -350024 - 3254?
-353322
In base 8, what is -55 - -6477116?
6477041
In base 15, what is -1330 + -287a?
-3baa
In base 15, what is 5 + -923a0a?
-923a05
In base 7, what is 2302351 + 13?
2302364
In base 8, what is -1300110141 + -4?
-1300110145
In base 3, what is -1012121222 - -111110202?
-201011020
In base 15, what is -9484 + -70?
-9504
In base 3, what is -1100212220210111 + -10?
-1100212220210121
In base 5, what is 412 + 131442444?
131443411
In base 12, what is 89 - 1bba3?
-1bb16
In base 2, what is -1110001 + -101000111001010001111?
-101000111001100000000
In base 15, what is 84e + -2d12?
-24b3
In base 2, what is 110110001101 + 10011110001?
1001001111110
In base 3, what is -201100211110 + -2122?
-201100221002
In base 16, what is -222cd - -39?
-22294
In base 6, what is 102052453 + -23?
102052430
In base 15, what is 24841e5 - 2?
24841e3
In base 12, what is 4b - 3067413?
-3067384
In base 16, what is -75e0 - 770?
-7d50
In base 3, what is -1220222 + 1012202?
-201020
In base 3, what is -202121100202 + 121212?
-202120201220
In base 4, what is -3011311323 + -3011?
-3011321000
In base 15, what is -5 + 54d025?
54d020
In base 3, what is -12 + -100222101212221200?
-100222101212221212
In base 8, what is 143476611 + 6?
143476617
In base 6, what is -400155 + 254?
-355501
In base 2, what is 10000001000010001011111 - -1011?
10000001000010001101010
In base 5, what is -40213201341 + 2?
-40213201334
In base 3, what is -1021111211000 - -12?
-1021111210211
In base 15, what is -22c4 + 14190?
11dbb
In base 3, what is -11220221001 - 22102011?
-12020100012
In base 2, what is 1001000010100 - -1001010111?
1010001101011
In base 8, what is -22426 + 16120?
-4306
In base 6, what is 1215 + -3154124?
-3152505
In base 12, what is -749745 + -5?
-74974a
In base 14, what is -13a8 + 745?
-a63
In base 9, what is -21457 - 22?
-21480
In base 14, what is 0 - cb5bc?
-cb5bc
In base 12, what is -2 - -371910?
37190a
In base 15, what is 7674 + -edb?
6688
In base 7, what is -15 - 21264513?
-21264531
In base 3, what is 112122 + 10110012?
10222211
In base 16, what is 155da9 + a?
155db3
In base 11, what is -2705a6aa - 28?
-2705a727
In base 12, what is -13 + -14597002?
-14597015
In base 12, what is -10801 - 1b?
-10820
In base 16, what is -1f + 2f44ec?
2f44cd
In base 12, what is 109b1 + -1168?
b845
In base 9, what is 0 - -3128446?
3128446
In base 7, what is -5206600 + 330?
-5206240
In base 12, what is -a39 + -4748?
-5585
In base 15, what is 179e - 106a?
734
In base 13, what is 275506 + 18?
275521
In base 15, what is -4a4 + 9798?
92e4
In base 5, what is 21222344 - 2102?
21220242
In base 6, what is -10 - -102204240?
102204230
In base 7, what is -2343 - -1662534?
1660161
In base 3, what is -100 - 202020210011021?
-202020210011121
In base 11, what is -18 - -6710a?
670a2
In base 11, what is 14 + -a25429?
-a25415
In base 4, what is 23 - 2031101120?
-2031101031
In base 14, what is -142 + -2024c3?
-202625
In base 5, what is 1400430 - -1112?
1402042
In base 14, what is 9cb + 476?
1063
In base 6, what is 2534 + -125034?
-122100
In base 12, what is -196767 - 5?
-196770
In base 16, what is 1c3 + c0d7?
c29a
In base 14, what is -2a11 + -31b?
-2d2c
In base 3, what is -2 + 10200110101210?
10200110101201
In base 5, what is -12 + -330243310?
-330243322
In base 10, what is 3993 - 47908?
-43915
In base 5, what is 220121 + -24410?
140211
In base 14, what is -9777b + -6?
-97783
In base 10, what is -2496796 - -24?
-2496772
In base 2, what is -1001001000 - -110101001010110?
110100000001110
In base 8, what is 412 + 252630?
253242
In base 6, what is -2 - -100030212?
100030210
In base 4, what is 2 + -1331000210?
-1331000202
In base 13, what is 1a453c6 + 5?
1a453cb
In base 11, what is -798 + -89645?
-8a332
In base 8, what is -1 + 225030414?
225030413
In base 4, what is -2 - 12022000120222?
-12022000120230
In base 3, what is 1 - -1011122201012010?
1011122201012011
In base 11, what is 29a923 + -20?
29a903
In base 2, what is -1011100000111100100011000100 + -10?
-1011100000111100100011000110
In base 15, what is 2168 + b69a?
d813
In base 6, what is 101 - -4434?
4535
In base 10, what is 182718 + 268?
182986
In base 6, what is 205 - 111412142?
-111411533
In base 7, what is -200234 - 260?
-200524
In base 9, what is 1775 + -1688815?
-1687030
In base 11, what is -1616031 - 13?
-1616044
In base 13, what is -667 + 1129ac?
112345
In base 8, what is 1231472 + -3?
1231467
In base 8, what is -7401 - -1032?
-6347
In base 5, what is 4 - -32302210241?
32302210300
In base 16, what is -1 - 14e275e?
-14e275f
In base 14, what is -20 - 1d3a?
-1d5a
In base 2, what is 11100101101110110011011101 + -11?
11100101101110110011011010
In base 7, what is -5 - -545116665?
545116660
In base 15, what is -21e - -25ab5?
25896
In base 2, what is -1000 + 100000100101111101010?
100000100101111100010
In base 6, what is -354 - 14151544?
-14152342
In base 5, what is 3 + 3103333440?
3103333443
In base 9, what is 1 - -721762?
721763
In base 7, what is -1315566253 - -2?
-1315566251
In base 2, what is -100111000111100 - 100110101101?
-101011111101001
In base 5, what is 123130 + -310203?
-132023
In base 13, what is 4c074 + -247?
4bb2a
In base 3, what is 2202210 + 200021221?
210001201
In base 3, what is -212002 + 201010101?
200021022
In base 2, what is -110011000101010010010101101 + -11?
-110011000101010010010110000
In base 8, what is 3 - -3602523?
3602526
In base 8, what is 3 - 667050374?
-667050371
In base 4, what is -120310 - -33323123?
33202213
In base 13, what is -3 - 14b23bc?
-14b23c2
In base 16, what is -1dd - -e166?
df89
In base 6, what is -2 + -35532114535?
-35532114541
In base 6, what is 5 - 113130053?
-113130044
In base 13, what is -2814b - 24b7?
-2a635
In base 8, what is -120 + 761155?
761035
In base 12, what is -1894320 + 28?
-18942b4
In base 14, what is 103ba + 25d2?
129ac
In base 8, what is 37411 + 67?
37500
In base 9, what is -101 - -725742?
725641
In base 6, what is -354 + -14223153?
-14223551
In base 12, what is 9 + 404318?
404325
In base 5, what is 220 - -4014114431?
4014120201
In base 13, what is 804c9 + -120?
803a9
In base 9, what is -83 + -84073?
-84166
In base 5, what is 102223 + -103210?
-432
In base 6, what is 24344 + 23025?
51413
In base 12, what is 540 + 31114?
31654
In base 2, what is -1110010011010001 - 10010000001001?
-10000100011011010
In base 13, what is 21a4448 + -4?
21a4444
In base 8, what is -22143 - -2217?
-17724
In base 2, what is 1000101110001110010 + -11110010101?
1000101010011011101
In base 13, what is -1983 - -4c99?
3316
In base 14, what is -50dc10a + -10?
-50dc11a
In base 4, what is -3 - -113301220320?
113301220311
In base 10, what is 23158 + 18300?
41458
In base 12, what is 10bab76 + -4?
10bab72
In base 12, what is 8a84a3 - -a?
8a84b1
In base 14, what is 182 + -ca5?
-b23
In base 15, what is -13c + 2b132?
2aee5
In base 2, what is 1011 - -100110111010011011?
100110111010100110
In base 8, what is -46673 + -1741?
-50634
In base 12, what is 8a + 2b45ab5?
2b45b83
In base 9, what is 780775 - -132?
781017
In base 9, what is -183 - -13445115?
13444822
In base 12, what is -2 + 1319b77?
1319b75
In base 14, what is -a + 11bc692?
11bc686
In base 8, what is -15 - -4426641?
4426624
In base 13, what is -16c5 + -17b?
-1873
In base 7, what is -16402 + -1114?
-20516
In base 9, what is 1 - -116625688?
116625700
In base 8, what is 4 - 63465111?
-63465105
In base 8, what is 1042156417 + -12?
1042156405
In base 5, what is 4224 + -1131402?
-1122123
In base 6, what is 4035 + -122030?
-113551
In base 12, what is -2 - 84a4350?
-84a4352
In base 15, what is -a1 + 1ac70?
1abbe
In base 15, what is -39 - -2160b2a?
2160ae1
In base 6, what is 43013321 - 1030?
43012251
In base 10, what is 133025 + -2251?
130774
In base